{"id":4112,"date":"2024-12-17T11:34:19","date_gmt":"2024-12-17T11:34:19","guid":{"rendered":"https:\/\/marist.sjdigitaldemo.ovh\/locations\/madonna-della-libera-helligdommen-pratola-peligna\/"},"modified":"2024-12-17T11:34:19","modified_gmt":"2024-12-17T11:34:19","slug":"madonna-della-libera-helligdommen-pratola-peligna","status":"publish","type":"locations","link":"https:\/\/maristeurope.eu\/no\/locations\/madonna-della-libera-helligdommen-pratola-peligna\/","title":{"rendered":"Madonna della Libera-helligdommen (Pratola Peligna)"},"content":{"rendered":"<p>Den 14. august 1924 gikk maristene inn i Pratola Peligna (Abruzzo) for \u00e5 overta ansvaret for helligdommen og menigheten Santa Maria della Libera. Byen ligger i \u00e5sene \u00f8st for Roma, og er truet av jordskjelv med jevne mellomrom. Bygningen er et praktfullt eksempel p\u00e5 italiensk barokkarkitektur, som nylig ble restaurert etter skadene etter jordskjelvet i 2016. Menigheten har et sterkt engasjement for sosial rettferdighet, spesielt for de som sitter i fengsel. Det holdes messe og b\u00f8nn i kirken hver dag, og det er et regelmessig program med andakter til Santa Maria della Libera.    <\/p>\n","protected":false},"featured_media":0,"template":"","section":[86],"country":[],"class_list":["post-4112","locations","type-locations","status-publish","hentry","section-parishes-churches-no"],"yoast_head":"<!-- This site is optimized with the Yoast SEO plugin v27.5 - https:\/\/yoast.com\/product\/yoast-seo-wordpress\/ -->\n<title>Madonna della Libera-helligdommen (Pratola Peligna) - Marist Europe<\/title>\n<meta name=\"robots\" content=\"index, follow, max-snippet:-1, max-image-preview:large, max-video-preview:-1\" \/>\n<link rel=\"canonical\" href=\"https:\/\/maristeurope.eu\/no\/locations\/madonna-della-libera-helligdommen-pratola-peligna\/\" \/>\n<meta property=\"og:locale\" content=\"nb_NO\" \/>\n<meta property=\"og:type\" content=\"article\" \/>\n<meta property=\"og:title\" content=\"Madonna della Libera-helligdommen (Pratola Peligna) - Marist Europe\" \/>\n<meta property=\"og:description\" content=\"Den 14. august 1924 gikk maristene inn i Pratola Peligna (Abruzzo) for \u00e5 overta ansvaret for helligdommen og menigheten Santa Maria della Libera. Byen ligger i \u00e5sene \u00f8st for Roma, og er truet av jordskjelv med jevne mellomrom. Bygningen er et praktfullt eksempel p\u00e5 italiensk barokkarkitektur, som nylig ble restaurert etter skadene etter jordskjelvet i [&hellip;]\" \/>\n<meta property=\"og:url\" content=\"https:\/\/maristeurope.eu\/no\/locations\/madonna-della-libera-helligdommen-pratola-peligna\/\" \/>\n<meta property=\"og:site_name\" content=\"Marist Europe\" \/>\n<meta name=\"twitter:card\" content=\"summary_large_image\" \/>\n<script type=\"application\/ld+json\" class=\"yoast-schema-graph\">{\"@context\":\"https:\\\/\\\/schema.org\",\"@graph\":[{\"@type\":\"WebPage\",\"@id\":\"https:\\\/\\\/maristeurope.eu\\\/no\\\/locations\\\/madonna-della-libera-helligdommen-pratola-peligna\\\/\",\"url\":\"https:\\\/\\\/maristeurope.eu\\\/no\\\/locations\\\/madonna-della-libera-helligdommen-pratola-peligna\\\/\",\"name\":\"Madonna della Libera-helligdommen (Pratola Peligna) - Marist Europe\",\"isPartOf\":{\"@id\":\"https:\\\/\\\/maristeurope.eu\\\/no\\\/#website\"},\"datePublished\":\"2024-12-17T11:34:19+00:00\",\"breadcrumb\":{\"@id\":\"https:\\\/\\\/maristeurope.eu\\\/no\\\/locations\\\/madonna-della-libera-helligdommen-pratola-peligna\\\/#breadcrumb\"},\"inLanguage\":\"nb-NO\",\"potentialAction\":[{\"@type\":\"ReadAction\",\"target\":[\"https:\\\/\\\/maristeurope.eu\\\/no\\\/locations\\\/madonna-della-libera-helligdommen-pratola-peligna\\\/\"]}]},{\"@type\":\"BreadcrumbList\",\"@id\":\"https:\\\/\\\/maristeurope.eu\\\/no\\\/locations\\\/madonna-della-libera-helligdommen-pratola-peligna\\\/#breadcrumb\",\"itemListElement\":[{\"@type\":\"ListItem\",\"position\":1,\"name\":\"Home\",\"item\":\"https:\\\/\\\/maristeurope.eu\\\/no\\\/marister\\\/\"},{\"@type\":\"ListItem\",\"position\":2,\"name\":\"Locations\",\"item\":\"https:\\\/\\\/maristeurope.eu\\\/no\\\/locations\\\/\"},{\"@type\":\"ListItem\",\"position\":3,\"name\":\"Madonna della Libera-helligdommen (Pratola Peligna)\"}]},{\"@type\":\"WebSite\",\"@id\":\"https:\\\/\\\/maristeurope.eu\\\/no\\\/#website\",\"url\":\"https:\\\/\\\/maristeurope.eu\\\/no\\\/\",\"name\":\"Marist Europe\",\"description\":\"\",\"publisher\":{\"@id\":\"https:\\\/\\\/maristeurope.eu\\\/no\\\/#organization\"},\"potentialAction\":[{\"@type\":\"SearchAction\",\"target\":{\"@type\":\"EntryPoint\",\"urlTemplate\":\"https:\\\/\\\/maristeurope.eu\\\/no\\\/?s={search_term_string}\"},\"query-input\":{\"@type\":\"PropertyValueSpecification\",\"valueRequired\":true,\"valueName\":\"search_term_string\"}}],\"inLanguage\":\"nb-NO\"},{\"@type\":\"Organization\",\"@id\":\"https:\\\/\\\/maristeurope.eu\\\/no\\\/#organization\",\"name\":\"Marist Europe\",\"url\":\"https:\\\/\\\/maristeurope.eu\\\/no\\\/\",\"logo\":{\"@type\":\"ImageObject\",\"inLanguage\":\"nb-NO\",\"@id\":\"https:\\\/\\\/maristeurope.eu\\\/no\\\/#\\\/schema\\\/logo\\\/image\\\/\",\"url\":\"https:\\\/\\\/maristeurope.eu\\\/wp-content\\\/uploads\\\/2024\\\/10\\\/EU-SM-Finalogo-02.png\",\"contentUrl\":\"https:\\\/\\\/maristeurope.eu\\\/wp-content\\\/uploads\\\/2024\\\/10\\\/EU-SM-Finalogo-02.png\",\"width\":150,\"height\":156,\"caption\":\"Marist Europe\"},\"image\":{\"@id\":\"https:\\\/\\\/maristeurope.eu\\\/no\\\/#\\\/schema\\\/logo\\\/image\\\/\"}}]}<\/script>\n<!-- \/ Yoast SEO plugin. -->","yoast_head_json":{"title":"Madonna della Libera-helligdommen (Pratola Peligna) - Marist Europe","robots":{"index":"index","follow":"follow","max-snippet":"max-snippet:-1","max-image-preview":"max-image-preview:large","max-video-preview":"max-video-preview:-1"},"canonical":"https:\/\/maristeurope.eu\/no\/locations\/madonna-della-libera-helligdommen-pratola-peligna\/","og_locale":"nb_NO","og_type":"article","og_title":"Madonna della Libera-helligdommen (Pratola Peligna) - Marist Europe","og_description":"Den 14. august 1924 gikk maristene inn i Pratola Peligna (Abruzzo) for \u00e5 overta ansvaret for helligdommen og menigheten Santa Maria della Libera. Byen ligger i \u00e5sene \u00f8st for Roma, og er truet av jordskjelv med jevne mellomrom. Bygningen er et praktfullt eksempel p\u00e5 italiensk barokkarkitektur, som nylig ble restaurert etter skadene etter jordskjelvet i [&hellip;]","og_url":"https:\/\/maristeurope.eu\/no\/locations\/madonna-della-libera-helligdommen-pratola-peligna\/","og_site_name":"Marist Europe","twitter_card":"summary_large_image","schema":{"@context":"https:\/\/schema.org","@graph":[{"@type":"WebPage","@id":"https:\/\/maristeurope.eu\/no\/locations\/madonna-della-libera-helligdommen-pratola-peligna\/","url":"https:\/\/maristeurope.eu\/no\/locations\/madonna-della-libera-helligdommen-pratola-peligna\/","name":"Madonna della Libera-helligdommen (Pratola Peligna) - Marist Europe","isPartOf":{"@id":"https:\/\/maristeurope.eu\/no\/#website"},"datePublished":"2024-12-17T11:34:19+00:00","breadcrumb":{"@id":"https:\/\/maristeurope.eu\/no\/locations\/madonna-della-libera-helligdommen-pratola-peligna\/#breadcrumb"},"inLanguage":"nb-NO","potentialAction":[{"@type":"ReadAction","target":["https:\/\/maristeurope.eu\/no\/locations\/madonna-della-libera-helligdommen-pratola-peligna\/"]}]},{"@type":"BreadcrumbList","@id":"https:\/\/maristeurope.eu\/no\/locations\/madonna-della-libera-helligdommen-pratola-peligna\/#breadcrumb","itemListElement":[{"@type":"ListItem","position":1,"name":"Home","item":"https:\/\/maristeurope.eu\/no\/marister\/"},{"@type":"ListItem","position":2,"name":"Locations","item":"https:\/\/maristeurope.eu\/no\/locations\/"},{"@type":"ListItem","position":3,"name":"Madonna della Libera-helligdommen (Pratola Peligna)"}]},{"@type":"WebSite","@id":"https:\/\/maristeurope.eu\/no\/#website","url":"https:\/\/maristeurope.eu\/no\/","name":"Marist Europe","description":"","publisher":{"@id":"https:\/\/maristeurope.eu\/no\/#organization"},"potentialAction":[{"@type":"SearchAction","target":{"@type":"EntryPoint","urlTemplate":"https:\/\/maristeurope.eu\/no\/?s={search_term_string}"},"query-input":{"@type":"PropertyValueSpecification","valueRequired":true,"valueName":"search_term_string"}}],"inLanguage":"nb-NO"},{"@type":"Organization","@id":"https:\/\/maristeurope.eu\/no\/#organization","name":"Marist Europe","url":"https:\/\/maristeurope.eu\/no\/","logo":{"@type":"ImageObject","inLanguage":"nb-NO","@id":"https:\/\/maristeurope.eu\/no\/#\/schema\/logo\/image\/","url":"https:\/\/maristeurope.eu\/wp-content\/uploads\/2024\/10\/EU-SM-Finalogo-02.png","contentUrl":"https:\/\/maristeurope.eu\/wp-content\/uploads\/2024\/10\/EU-SM-Finalogo-02.png","width":150,"height":156,"caption":"Marist Europe"},"image":{"@id":"https:\/\/maristeurope.eu\/no\/#\/schema\/logo\/image\/"}}]}},"_links":{"self":[{"href":"https:\/\/maristeurope.eu\/no\/wp-json\/wp\/v2\/locations\/4112","targetHints":{"allow":["GET"]}}],"collection":[{"href":"https:\/\/maristeurope.eu\/no\/wp-json\/wp\/v2\/locations"}],"about":[{"href":"https:\/\/maristeurope.eu\/no\/wp-json\/wp\/v2\/types\/locations"}],"wp:attachment":[{"href":"https:\/\/maristeurope.eu\/no\/wp-json\/wp\/v2\/media?parent=4112"}],"wp:term":[{"taxonomy":"section","embeddable":true,"href":"https:\/\/maristeurope.eu\/no\/wp-json\/wp\/v2\/section?post=4112"},{"taxonomy":"country","embeddable":true,"href":"https:\/\/maristeurope.eu\/no\/wp-json\/wp\/v2\/country?post=4112"}],"curies":[{"name":"wp","href":"https:\/\/api.w.org\/{rel}","templated":true}]}}

<p>Den 14. august 1924 gikk maristene inn i Pratola Peligna (Abruzzo) for å overta ansvaret for helligdommen og menigheten Santa Maria della Libera. Byen ligger i åsene øst for Roma, og er truet av jordskjelv med jevne mellomrom. Bygningen er et praktfullt eksempel på italiensk barokkarkitektur, som nylig ble restaurert etter skadene etter jordskjelvet i 2016. Menigheten har et sterkt engasjement for sosial rettferdighet, spesielt for de som sitter i fengsel. Det holdes messe og bønn i kirken hver dag, og det er et regelmessig program med andakter til Santa Maria della Libera.    </p>

<!-- This site is optimized with the Yoast SEO plugin v27.5 - https://yoast.com/product/yoast-seo-wordpress/ -->
<title>Madonna della Libera-helligdommen (Pratola Peligna) - Marist Europe</title>
<meta name="robots" content="index, follow, max-snippet:-1, max-image-preview:large, max-video-preview:-1" />
<link rel="canonical" href="https://maristeurope.eu/no/locations/madonna-della-libera-helligdommen-pratola-peligna/" />
<meta property="og:locale" content="nb_NO" />
<meta property="og:type" content="article" />
<meta property="og:title" content="Madonna della Libera-helligdommen (Pratola Peligna) - Marist Europe" />
<meta property="og:description" content="Den 14. august 1924 gikk maristene inn i Pratola Peligna (Abruzzo) for å overta ansvaret for helligdommen og menigheten Santa Maria della Libera. Byen ligger i åsene øst for Roma, og er truet av jordskjelv med jevne mellomrom. Bygningen er et praktfullt eksempel på italiensk barokkarkitektur, som nylig ble restaurert etter skadene etter jordskjelvet i [&hellip;]" />
<meta property="og:url" content="https://maristeurope.eu/no/locations/madonna-della-libera-helligdommen-pratola-peligna/" />
<meta property="og:site_name" content="Marist Europe" />
<meta name="twitter:card" content="summary_large_image" />
<script type="application/ld+json" class="yoast-schema-graph">{"@context":"https:\/\/schema.org","@graph":[{"@type":"WebPage","@id":"https:\/\/maristeurope.eu\/no\/locations\/madonna-della-libera-helligdommen-pratola-peligna\/","url":"https:\/\/maristeurope.eu\/no\/locations\/madonna-della-libera-helligdommen-pratola-peligna\/","name":"Madonna della Libera-helligdommen (Pratola Peligna) - Marist Europe","isPartOf":{"@id":"https:\/\/maristeurope.eu\/no\/#website"},"datePublished":"2024-12-17T11:34:19+00:00","breadcrumb":{"@id":"https:\/\/maristeurope.eu\/no\/locations\/madonna-della-libera-helligdommen-pratola-peligna\/#breadcrumb"},"inLanguage":"nb-NO","potentialAction":[{"@type":"ReadAction","target":["https:\/\/maristeurope.eu\/no\/locations\/madonna-della-libera-helligdommen-pratola-peligna\/"]}]},{"@type":"BreadcrumbList","@id":"https:\/\/maristeurope.eu\/no\/locations\/madonna-della-libera-helligdommen-pratola-peligna\/#breadcrumb","itemListElement":[{"@type":"ListItem","position":1,"name":"Home","item":"https:\/\/maristeurope.eu\/no\/marister\/"},{"@type":"ListItem","position":2,"name":"Locations","item":"https:\/\/maristeurope.eu\/no\/locations\/"},{"@type":"ListItem","position":3,"name":"Madonna della Libera-helligdommen (Pratola Peligna)"}]},{"@type":"WebSite","@id":"https:\/\/maristeurope.eu\/no\/#website","url":"https:\/\/maristeurope.eu\/no\/","name":"Marist Europe","description":"","publisher":{"@id":"https:\/\/maristeurope.eu\/no\/#organization"},"potentialAction":[{"@type":"SearchAction","target":{"@type":"EntryPoint","urlTemplate":"https:\/\/maristeurope.eu\/no\/?s={search_term_string}"},"query-input":{"@type":"PropertyValueSpecification","valueRequired":true,"valueName":"search_term_string"}}],"inLanguage":"nb-NO"},{"@type":"Organization","@id":"https:\/\/maristeurope.eu\/no\/#organization","name":"Marist Europe","url":"https:\/\/maristeurope.eu\/no\/","logo":{"@type":"ImageObject","inLanguage":"nb-NO","@id":"https:\/\/maristeurope.eu\/no\/#\/schema\/logo\/image\/","url":"https:\/\/maristeurope.eu\/wp-content\/uploads\/2024\/10\/EU-SM-Finalogo-02.png","contentUrl":"https:\/\/maristeurope.eu\/wp-content\/uploads\/2024\/10\/EU-SM-Finalogo-02.png","width":150,"height":156,"caption":"Marist Europe"},"image":{"@id":"https:\/\/maristeurope.eu\/no\/#\/schema\/logo\/image\/"}}]}</script>
<!-- / Yoast SEO plugin. -->

Den 14. august 1924 gikk maristene inn i Pratola Peligna (Abruzzo) for å overta ansvaret for helligdommen og menigheten Santa Maria della Libera. Byen ligger i åsene øst for Roma, og er truet av jordskjelv med jevne mellomrom. Bygningen er et praktfullt eksempel på italiensk barokkarkitektur, som nylig ble restaurert etter skadene etter jordskjelvet i [&hellip;]
