{"version":"1.0","provider_name":"Marist Europe","provider_url":"https:\/\/maristeurope.eu\/es\/","title":"Algo nuevo bajo el sol - Marist Europe","type":"rich","width":600,"height":338,"html":"<blockquote class=\"wp-embedded-content\" data-secret=\"U3x0jMqJaZ\"><a href=\"https:\/\/maristeurope.eu\/es\/algo-nuevo-bajo-el-sol\/\">Algo nuevo bajo el sol<\/a><\/blockquote><iframe sandbox=\"allow-scripts\" security=\"restricted\" src=\"https:\/\/maristeurope.eu\/es\/algo-nuevo-bajo-el-sol\/embed\/#?secret=U3x0jMqJaZ\" width=\"600\" height=\"338\" title=\"\u00abAlgo nuevo bajo el sol\u00bb \u2014 Marist Europe\" data-secret=\"U3x0jMqJaZ\" frameborder=\"0\" marginwidth=\"0\" marginheight=\"0\" scrolling=\"no\" class=\"wp-embedded-content\"><\/iframe><script type=\"text\/javascript\">\n\/* <![CDATA[ *\/\n\/*! This file is auto-generated *\/\n!function(d,l){\"use strict\";l.querySelector&&d.addEventListener&&\"undefined\"!=typeof URL&&(d.wp=d.wp||{},d.wp.receiveEmbedMessage||(d.wp.receiveEmbedMessage=function(e){var t=e.data;if((t||t.secret||t.message||t.value)&&!\/[^a-zA-Z0-9]\/.test(t.secret)){for(var s,r,n,a=l.querySelectorAll('iframe[data-secret=\"'+t.secret+'\"]'),o=l.querySelectorAll('blockquote[data-secret=\"'+t.secret+'\"]'),c=new RegExp(\"^https?:$\",\"i\"),i=0;i<o.length;i++)o[i].style.display=\"none\";for(i=0;i<a.length;i++)s=a[i],e.source===s.contentWindow&&(s.removeAttribute(\"style\"),\"height\"===t.message?(1e3<(r=parseInt(t.value,10))?r=1e3:~~r<200&&(r=200),s.height=r):\"link\"===t.message&&(r=new URL(s.getAttribute(\"src\")),n=new URL(t.value),c.test(n.protocol))&&n.host===r.host&&l.activeElement===s&&(d.top.location.href=t.value))}},d.addEventListener(\"message\",d.wp.receiveEmbedMessage,!1),l.addEventListener(\"DOMContentLoaded\",function(){for(var e,t,s=l.querySelectorAll(\"iframe.wp-embedded-content\"),r=0;r<s.length;r++)(t=(e=s[r]).getAttribute(\"data-secret\"))||(t=Math.random().toString(36).substring(2,12),e.src+=\"#?secret=\"+t,e.setAttribute(\"data-secret\",t)),e.contentWindow.postMessage({message:\"ready\",secret:t},\"*\")},!1)))}(window,document);\n\/\/# sourceURL=https:\/\/maristeurope.eu\/wp-includes\/js\/wp-embed.min.js\n\/* ]]> *\/\n<\/script>\n","thumbnail_url":"https:\/\/maristeurope.eu\/wp-content\/uploads\/2025\/03\/25-March-Invitation.jpg","thumbnail_width":2000,"thumbnail_height":1428,"description":"En la fiesta de la Anunciaci\u00f3n, el 25 de marzo de 2025, hemos lanzado oficialmente la nueva p\u00e1gina web provincial de la Sociedad de Mar\u00eda en Europa. El acto fue retransmitido en directo desde La Neyliere, nuestra Casa Marista de Acogida."}

En la fiesta de la Anunciación, el 25 de marzo de 2025, hemos lanzado oficialmente la nueva página web provincial de la Sociedad de María en Europa. El acto fue retransmitido en directo desde La Neyliere, nuestra Casa Marista de Acogida.
