{"id":4089,"date":"2024-12-17T11:34:19","date_gmt":"2024-12-17T11:34:19","guid":{"rendered":"https:\/\/marist.sjdigitaldemo.ovh\/locations\/notre-dame-de-la-neyliere\/"},"modified":"2024-12-17T11:34:19","modified_gmt":"2024-12-17T11:34:19","slug":"notre-dame-de-la-neyliere","status":"publish","type":"locations","link":"https:\/\/maristeurope.eu\/de\/locations\/notre-dame-de-la-neyliere\/","title":{"rendered":"Notre Dame de la Neyli\u00e8re"},"content":{"rendered":"<p>La Neyli\u00e8re ist unser Maristen-G\u00e4stehaus, in dem unser Gr\u00fcnder, Pater Colin, seit 1854 in der N\u00e4he von Lyon lebte und das heute Menschen empf\u00e4ngt, die Inspiration f\u00fcr ihr Leben suchen. Die Kapelle ist bekannt f\u00fcr ihre wundersch\u00f6nen Buntglasfenster, die Maria und die Heilige Familie ehren. Das kleinere Oratorium, in dem Pater Colin begraben ist, ist in einem zeitgen\u00f6ssischen Stil mit einem Wandgem\u00e4lde dekoriert, das das Leben Marias und die heutige Mission der Maristen darstellt. Morgen- und Abendgebet sowie die Eucharistie werden t\u00e4glich gefeiert.   <\/p>\n","protected":false},"featured_media":0,"template":"","section":[81],"country":[114],"class_list":["post-4089","locations","type-locations","status-publish","hentry","section-parishes-churches-de","country-france-de"],"yoast_head":"<!-- This site is optimized with the Yoast SEO plugin v27.5 - https:\/\/yoast.com\/product\/yoast-seo-wordpress\/ -->\n<title>Notre Dame de la Neyli\u00e8re - Marist Europe<\/title>\n<meta name=\"robots\" content=\"index, follow, max-snippet:-1, max-image-preview:large, max-video-preview:-1\" \/>\n<link rel=\"canonical\" href=\"https:\/\/maristeurope.eu\/de\/locations\/notre-dame-de-la-neyliere\/\" \/>\n<meta property=\"og:locale\" content=\"de_DE\" \/>\n<meta property=\"og:type\" content=\"article\" \/>\n<meta property=\"og:title\" content=\"Notre Dame de la Neyli\u00e8re - Marist Europe\" \/>\n<meta property=\"og:description\" content=\"La Neyli\u00e8re ist unser Maristen-G\u00e4stehaus, in dem unser Gr\u00fcnder, Pater Colin, seit 1854 in der N\u00e4he von Lyon lebte und das heute Menschen empf\u00e4ngt, die Inspiration f\u00fcr ihr Leben suchen. Die Kapelle ist bekannt f\u00fcr ihre wundersch\u00f6nen Buntglasfenster, die Maria und die Heilige Familie ehren. Das kleinere Oratorium, in dem Pater Colin begraben ist, ist [&hellip;]\" \/>\n<meta property=\"og:url\" content=\"https:\/\/maristeurope.eu\/de\/locations\/notre-dame-de-la-neyliere\/\" \/>\n<meta property=\"og:site_name\" content=\"Marist Europe\" \/>\n<meta name=\"twitter:card\" content=\"summary_large_image\" \/>\n<script type=\"application\/ld+json\" class=\"yoast-schema-graph\">{\"@context\":\"https:\\\/\\\/schema.org\",\"@graph\":[{\"@type\":\"WebPage\",\"@id\":\"https:\\\/\\\/maristeurope.eu\\\/de\\\/locations\\\/notre-dame-de-la-neyliere\\\/\",\"url\":\"https:\\\/\\\/maristeurope.eu\\\/de\\\/locations\\\/notre-dame-de-la-neyliere\\\/\",\"name\":\"Notre Dame de la Neyli\u00e8re - Marist Europe\",\"isPartOf\":{\"@id\":\"https:\\\/\\\/maristeurope.eu\\\/de\\\/#website\"},\"datePublished\":\"2024-12-17T11:34:19+00:00\",\"breadcrumb\":{\"@id\":\"https:\\\/\\\/maristeurope.eu\\\/de\\\/locations\\\/notre-dame-de-la-neyliere\\\/#breadcrumb\"},\"inLanguage\":\"de\",\"potentialAction\":[{\"@type\":\"ReadAction\",\"target\":[\"https:\\\/\\\/maristeurope.eu\\\/de\\\/locations\\\/notre-dame-de-la-neyliere\\\/\"]}]},{\"@type\":\"BreadcrumbList\",\"@id\":\"https:\\\/\\\/maristeurope.eu\\\/de\\\/locations\\\/notre-dame-de-la-neyliere\\\/#breadcrumb\",\"itemListElement\":[{\"@type\":\"ListItem\",\"position\":1,\"name\":\"Home\",\"item\":\"https:\\\/\\\/maristeurope.eu\\\/de\\\/maristen\\\/\"},{\"@type\":\"ListItem\",\"position\":2,\"name\":\"Locations\",\"item\":\"https:\\\/\\\/maristeurope.eu\\\/de\\\/locations\\\/\"},{\"@type\":\"ListItem\",\"position\":3,\"name\":\"Notre Dame de la Neyli\u00e8re\"}]},{\"@type\":\"WebSite\",\"@id\":\"https:\\\/\\\/maristeurope.eu\\\/de\\\/#website\",\"url\":\"https:\\\/\\\/maristeurope.eu\\\/de\\\/\",\"name\":\"Marist Europe\",\"description\":\"\",\"publisher\":{\"@id\":\"https:\\\/\\\/maristeurope.eu\\\/de\\\/#organization\"},\"potentialAction\":[{\"@type\":\"SearchAction\",\"target\":{\"@type\":\"EntryPoint\",\"urlTemplate\":\"https:\\\/\\\/maristeurope.eu\\\/de\\\/?s={search_term_string}\"},\"query-input\":{\"@type\":\"PropertyValueSpecification\",\"valueRequired\":true,\"valueName\":\"search_term_string\"}}],\"inLanguage\":\"de\"},{\"@type\":\"Organization\",\"@id\":\"https:\\\/\\\/maristeurope.eu\\\/de\\\/#organization\",\"name\":\"Marist Europe\",\"url\":\"https:\\\/\\\/maristeurope.eu\\\/de\\\/\",\"logo\":{\"@type\":\"ImageObject\",\"inLanguage\":\"de\",\"@id\":\"https:\\\/\\\/maristeurope.eu\\\/de\\\/#\\\/schema\\\/logo\\\/image\\\/\",\"url\":\"https:\\\/\\\/maristeurope.eu\\\/wp-content\\\/uploads\\\/2024\\\/10\\\/EU-SM-Finalogo-02.png\",\"contentUrl\":\"https:\\\/\\\/maristeurope.eu\\\/wp-content\\\/uploads\\\/2024\\\/10\\\/EU-SM-Finalogo-02.png\",\"width\":150,\"height\":156,\"caption\":\"Marist Europe\"},\"image\":{\"@id\":\"https:\\\/\\\/maristeurope.eu\\\/de\\\/#\\\/schema\\\/logo\\\/image\\\/\"}}]}<\/script>\n<!-- \/ Yoast SEO plugin. -->","yoast_head_json":{"title":"Notre Dame de la Neyli\u00e8re - Marist Europe","robots":{"index":"index","follow":"follow","max-snippet":"max-snippet:-1","max-image-preview":"max-image-preview:large","max-video-preview":"max-video-preview:-1"},"canonical":"https:\/\/maristeurope.eu\/de\/locations\/notre-dame-de-la-neyliere\/","og_locale":"de_DE","og_type":"article","og_title":"Notre Dame de la Neyli\u00e8re - Marist Europe","og_description":"La Neyli\u00e8re ist unser Maristen-G\u00e4stehaus, in dem unser Gr\u00fcnder, Pater Colin, seit 1854 in der N\u00e4he von Lyon lebte und das heute Menschen empf\u00e4ngt, die Inspiration f\u00fcr ihr Leben suchen. Die Kapelle ist bekannt f\u00fcr ihre wundersch\u00f6nen Buntglasfenster, die Maria und die Heilige Familie ehren. Das kleinere Oratorium, in dem Pater Colin begraben ist, ist [&hellip;]","og_url":"https:\/\/maristeurope.eu\/de\/locations\/notre-dame-de-la-neyliere\/","og_site_name":"Marist Europe","twitter_card":"summary_large_image","schema":{"@context":"https:\/\/schema.org","@graph":[{"@type":"WebPage","@id":"https:\/\/maristeurope.eu\/de\/locations\/notre-dame-de-la-neyliere\/","url":"https:\/\/maristeurope.eu\/de\/locations\/notre-dame-de-la-neyliere\/","name":"Notre Dame de la Neyli\u00e8re - Marist Europe","isPartOf":{"@id":"https:\/\/maristeurope.eu\/de\/#website"},"datePublished":"2024-12-17T11:34:19+00:00","breadcrumb":{"@id":"https:\/\/maristeurope.eu\/de\/locations\/notre-dame-de-la-neyliere\/#breadcrumb"},"inLanguage":"de","potentialAction":[{"@type":"ReadAction","target":["https:\/\/maristeurope.eu\/de\/locations\/notre-dame-de-la-neyliere\/"]}]},{"@type":"BreadcrumbList","@id":"https:\/\/maristeurope.eu\/de\/locations\/notre-dame-de-la-neyliere\/#breadcrumb","itemListElement":[{"@type":"ListItem","position":1,"name":"Home","item":"https:\/\/maristeurope.eu\/de\/maristen\/"},{"@type":"ListItem","position":2,"name":"Locations","item":"https:\/\/maristeurope.eu\/de\/locations\/"},{"@type":"ListItem","position":3,"name":"Notre Dame de la Neyli\u00e8re"}]},{"@type":"WebSite","@id":"https:\/\/maristeurope.eu\/de\/#website","url":"https:\/\/maristeurope.eu\/de\/","name":"Marist Europe","description":"","publisher":{"@id":"https:\/\/maristeurope.eu\/de\/#organization"},"potentialAction":[{"@type":"SearchAction","target":{"@type":"EntryPoint","urlTemplate":"https:\/\/maristeurope.eu\/de\/?s={search_term_string}"},"query-input":{"@type":"PropertyValueSpecification","valueRequired":true,"valueName":"search_term_string"}}],"inLanguage":"de"},{"@type":"Organization","@id":"https:\/\/maristeurope.eu\/de\/#organization","name":"Marist Europe","url":"https:\/\/maristeurope.eu\/de\/","logo":{"@type":"ImageObject","inLanguage":"de","@id":"https:\/\/maristeurope.eu\/de\/#\/schema\/logo\/image\/","url":"https:\/\/maristeurope.eu\/wp-content\/uploads\/2024\/10\/EU-SM-Finalogo-02.png","contentUrl":"https:\/\/maristeurope.eu\/wp-content\/uploads\/2024\/10\/EU-SM-Finalogo-02.png","width":150,"height":156,"caption":"Marist Europe"},"image":{"@id":"https:\/\/maristeurope.eu\/de\/#\/schema\/logo\/image\/"}}]}},"_links":{"self":[{"href":"https:\/\/maristeurope.eu\/de\/wp-json\/wp\/v2\/locations\/4089","targetHints":{"allow":["GET"]}}],"collection":[{"href":"https:\/\/maristeurope.eu\/de\/wp-json\/wp\/v2\/locations"}],"about":[{"href":"https:\/\/maristeurope.eu\/de\/wp-json\/wp\/v2\/types\/locations"}],"wp:attachment":[{"href":"https:\/\/maristeurope.eu\/de\/wp-json\/wp\/v2\/media?parent=4089"}],"wp:term":[{"taxonomy":"section","embeddable":true,"href":"https:\/\/maristeurope.eu\/de\/wp-json\/wp\/v2\/section?post=4089"},{"taxonomy":"country","embeddable":true,"href":"https:\/\/maristeurope.eu\/de\/wp-json\/wp\/v2\/country?post=4089"}],"curies":[{"name":"wp","href":"https:\/\/api.w.org\/{rel}","templated":true}]}}

Notre Dame de la Neylière

<p>La Neylière ist unser Maristen-Gästehaus, in dem unser Gründer, Pater Colin, seit 1854 in der Nähe von Lyon lebte und das heute Menschen empfängt, die Inspiration für ihr Leben suchen. Die Kapelle ist bekannt für ihre wunderschönen Buntglasfenster, die Maria und die Heilige Familie ehren. Das kleinere Oratorium, in dem Pater Colin begraben ist, ist in einem zeitgenössischen Stil mit einem Wandgemälde dekoriert, das das Leben Marias und die heutige Mission der Maristen darstellt. Morgen- und Abendgebet sowie die Eucharistie werden täglich gefeiert.   </p>

<!-- This site is optimized with the Yoast SEO plugin v27.5 - https://yoast.com/product/yoast-seo-wordpress/ -->
<title>Notre Dame de la Neylière - Marist Europe</title>
<meta name="robots" content="index, follow, max-snippet:-1, max-image-preview:large, max-video-preview:-1" />
<link rel="canonical" href="https://maristeurope.eu/de/locations/notre-dame-de-la-neyliere/" />
<meta property="og:locale" content="de_DE" />
<meta property="og:type" content="article" />
<meta property="og:title" content="Notre Dame de la Neylière - Marist Europe" />
<meta property="og:description" content="La Neylière ist unser Maristen-Gästehaus, in dem unser Gründer, Pater Colin, seit 1854 in der Nähe von Lyon lebte und das heute Menschen empfängt, die Inspiration für ihr Leben suchen. Die Kapelle ist bekannt für ihre wunderschönen Buntglasfenster, die Maria und die Heilige Familie ehren. Das kleinere Oratorium, in dem Pater Colin begraben ist, ist [&hellip;]" />
<meta property="og:url" content="https://maristeurope.eu/de/locations/notre-dame-de-la-neyliere/" />
<meta property="og:site_name" content="Marist Europe" />
<meta name="twitter:card" content="summary_large_image" />
<script type="application/ld+json" class="yoast-schema-graph">{"@context":"https:\/\/schema.org","@graph":[{"@type":"WebPage","@id":"https:\/\/maristeurope.eu\/de\/locations\/notre-dame-de-la-neyliere\/","url":"https:\/\/maristeurope.eu\/de\/locations\/notre-dame-de-la-neyliere\/","name":"Notre Dame de la Neylière - Marist Europe","isPartOf":{"@id":"https:\/\/maristeurope.eu\/de\/#website"},"datePublished":"2024-12-17T11:34:19+00:00","breadcrumb":{"@id":"https:\/\/maristeurope.eu\/de\/locations\/notre-dame-de-la-neyliere\/#breadcrumb"},"inLanguage":"de","potentialAction":[{"@type":"ReadAction","target":["https:\/\/maristeurope.eu\/de\/locations\/notre-dame-de-la-neyliere\/"]}]},{"@type":"BreadcrumbList","@id":"https:\/\/maristeurope.eu\/de\/locations\/notre-dame-de-la-neyliere\/#breadcrumb","itemListElement":[{"@type":"ListItem","position":1,"name":"Home","item":"https:\/\/maristeurope.eu\/de\/maristen\/"},{"@type":"ListItem","position":2,"name":"Locations","item":"https:\/\/maristeurope.eu\/de\/locations\/"},{"@type":"ListItem","position":3,"name":"Notre Dame de la Neylière"}]},{"@type":"WebSite","@id":"https:\/\/maristeurope.eu\/de\/#website","url":"https:\/\/maristeurope.eu\/de\/","name":"Marist Europe","description":"","publisher":{"@id":"https:\/\/maristeurope.eu\/de\/#organization"},"potentialAction":[{"@type":"SearchAction","target":{"@type":"EntryPoint","urlTemplate":"https:\/\/maristeurope.eu\/de\/?s={search_term_string}"},"query-input":{"@type":"PropertyValueSpecification","valueRequired":true,"valueName":"search_term_string"}}],"inLanguage":"de"},{"@type":"Organization","@id":"https:\/\/maristeurope.eu\/de\/#organization","name":"Marist Europe","url":"https:\/\/maristeurope.eu\/de\/","logo":{"@type":"ImageObject","inLanguage":"de","@id":"https:\/\/maristeurope.eu\/de\/#\/schema\/logo\/image\/","url":"https:\/\/maristeurope.eu\/wp-content\/uploads\/2024\/10\/EU-SM-Finalogo-02.png","contentUrl":"https:\/\/maristeurope.eu\/wp-content\/uploads\/2024\/10\/EU-SM-Finalogo-02.png","width":150,"height":156,"caption":"Marist Europe"},"image":{"@id":"https:\/\/maristeurope.eu\/de\/#\/schema\/logo\/image\/"}}]}</script>
<!-- / Yoast SEO plugin. -->

Notre Dame de la Neylière - Marist Europe

La Neylière ist unser Maristen-Gästehaus, in dem unser Gründer, Pater Colin, seit 1854 in der Nähe von Lyon lebte und das heute Menschen empfängt, die Inspiration für ihr Leben suchen. Die Kapelle ist bekannt für ihre wunderschönen Buntglasfenster, die Maria und die Heilige Familie ehren. Das kleinere Oratorium, in dem Pater Colin begraben ist, ist [&hellip;]
